lue of 40 + -2 + (12 - 7) - 17?
26
Evaluate 1802 + -1816 - (-8 + 4 + 4 + -48).
34
(26 - (28 - 18)) + (0 - 6 - -3) + 11
24
Evaluate 8 + (6 - 2) - 3 - (5 + (19 - -45)).
-60
136 + -268 + -20 + 72
-80
49 + 25 + -47 - (24 - -2)
1
Calculate -37 + -21 + (8 - 1) - (-4 - 1 - -9).
-55
(2 + 0 - -59) + (-1760 - -1754)
55
What is 241 + -245 + -80 - (-32 - 1)?
-51
Calculate -107 - -71 - (11 + -21 - -14).
-40
Evaluate -5 + -34 + 32 - 55.
-62
What is (19 - -15) + -140 - (1 - -11) - (-3 - -12)?
-127
(-21 - 13) + -10 + (-216 - -310)
50
Evaluate (210 - 180) + -8 + 26.
48
What is 11 + -5 + -5 + 24 + (-3 - -5)?
27
9 + (2 + -1 - 12) + (35 - 160)
-127
What is -15 + (-14 - 4 - (-10 - (-38 - -108)))?
47
Calculate (-8 - (-32 - (-3 - 2))) + (-2 - 0 - -13).
30
Evaluate (3 - (16 + 0) - (-115 + -60 - -44)) + 6.
124
Evaluate 638 - 537 - (14 + 227).
-140
What is 101 + -18 + 14 + 10 - -12?
119
Evaluate -891 - -866 - (14 - (-4 - -4)).
-39
Evaluate -10 - (1 - (2 - -76) - (-126 + 119)).
60
What is the value of -112 + 66 + 20 + -49?
-75
What is the value of 21 - 56 - (9 + -9 + -4 + -12)?
-19
Evaluate -2 - -3 - (0 + -2 + -3) - (2287 + -2330).
49
What is 67 - (16 + ((5 - 11) + 6 - 7))?
58
-4 - ((-23 + 25 - -2) + -9)
1
-2 + 2 + 3 + -1 - (-823 + 894)
-69
What is the value of (-93 - (-94 + 20)) + 124?
105
What is the value of 11 + 29 + 32 - (-36 + 12) - -6?
102
What is 35 + (-17 - 47) + (-1 - 6)?
-36
What is (-69 - -1) + 24 + 85 + -122 + 0 + 12?
-69
Calculate (-3 - (-4 + 1)) + (57 - 83).
-26
(-25 - 0 - 0) + 15 + -15 + -4 + 5
-24
What is the value of -2 + -6 + 535 + -521 - (37 + -1)?
-30
What is -128 - (-63 + 184 + -240)?
-9
35 + -65 - -113 - 100
-17
Evaluate (-41 - (38 - 37)) + 71.
29
What is 35 + -23 + (70 - 23)?
59
Evaluate (-43 - -48 - (-2 - -96)) + 59 + -64.
-94
-15 + (-19 - (19 + -12 + 61)) + 6
-96
Calculate 126 - (139 + (50 - 116)).
53
What is -45 - (-24 - (-1 - 4) - (34 - 45))?
-37
Evaluate (7 - 1 - (-30 + 46)) + (-4 - -14).
0
What is 261 + -268 + (1 - (2 + -30)) - 10?
12
Calculate (14 + -12 - -5) + -6 - (2 + (4 - -83)).
-88
What is the value of 47 + 0 + (-5 + 1 - (-1 - (41 - 31)))?
54
What is (0 + 8 - ((-8 - -4) + 12)) + (-3 - 4)?
-7
What is -3 + 1 + 5 + (13 - -2 - (45 + -18))?
-9
What is the value of (-66 - -71) + 4 + -14?
-5
What is the value of -28 + 12 + (-7 - -5) + (20 - 21)?
-19
Evaluate -7 + (-242 - -297) + -24 + 4.
28
What is 2 + 2 + 8 + -8 - (-7 - -20)?
-9
What is 0 + -12 - (175 - 206)?
19
What is -13 + (19 - (6 + -14) - -46)?
60
(-8 + 0 - -17) + (0 - (-13 + 7) - 37)
-22
Evaluate -13 + (34 - 10) + (11 - (-4 - (-83 - -6))).
-51
What is 10 + -3 - ((-20 - 68) + 140)?
-45
Evaluate (-12 - -13) + (-91 + 2 - -17) + 0 + -3.
-74
What is 24 + -2 + 29 + 55 + -24 + -3?
79
What is the value of (52 - 69) + -37 - -38 - (-2 + 2 + 2)?
-18
What is (63 - 43) + -25 + 15?
10
(-20 + 6 - 13 - -7) + -30
-50
Calculate (-29 - -13 - (1 - 34)) + -17 + -68.
-68
What is the value of -102 - (-139 + (-86 - -168))?
-45
What is the value of -3 + (118 - 104) + 2 + 0 + 137 + -14?
136
Calculate -35 + (54 + -58 - -15).
-24
What is (-5 - -2) + 0 + 4 + -51 + 55 - -68?
73
What is the value of (50 - (-18 + -37)) + -63?
42
Evaluate 193 + -235 + (42 - -10).
10
Calculate 2 + (1 - -16) - (166 + 446 + -533).
-60
What is the value of (0 - -19) + (-59 - (7 - 65))?
18
Calculate (103 - (77 - 58)) + 2.
86
Evaluate -11 + (10 + (-16 - -13) + -13 - 21).
-38
What is the value of 6 - -1 - (15 - (2 + 30 + (-316 - -296)))?
4
What is (-3 - 87) + 21 - -131?
62
What is the value of -1 - 8 - (3 + -44 + (513 - 551))?
70
Calculate (12 - 27) + 15 + 60 - 21.
39
Evaluate (9 - 0) + (-7 + 2 - (0 - -18 - -52)).
-66
What is the value of 6 - ((13 + (-4 - -7) - (96 + -68)) + -67)?
85
Calculate -136 + 39 + 36 + -22.
-83
61 - (-59 + (51 - -132))
-63
What is the value of -247 - (-174 - 91) - (48 + 0)?
-30
Evaluate (-14 + 23 + -12 - ((7 - 8) + -5)) + -6.
-3
Calculate -116 - ((-27 - -18) + -10) - ((-1 - -10) + 7).
-113
76 - 67 - (3 + 6 + -11 - (-1 + 4))
14
Evaluate 8 + (-8 - 10) - (8 + 3 - -10).
-31
Evaluate 2 + 0 + -79 - (-43 - (-38 + 16)).
-56
What is 8 + (45 + -2 - (-13 + 17)) + -5 + 1?
43
What is -1 + 21 + -64 + (-33 - -49)?
-28
(-166 - -117) + (20 - 8)
-37
Calculate 98 - 3 - (816 - 668).
-53
What is the value of (0 - -8) + -7 + (-15 - -22)?
8
What is 321 + -293 - (-1 - (2 - -1))?
32
What is the value of -114 + (-15 - -38 - 32) + 28?
-95
What is the value of -15 + 7 + -7 + 40 - -20?
45
What is 4 - (-33 - -18) - (3 + -2)?
18
(-12 - (-51 + 17)) + -10
12
Calculate (-19 - (-31 + 136)) + 48.
-76
Calculate (6 + -9 - -81) + 11 - (6 - -11).
72
-27 - (-17 - -8 - ((2 - 11 - 24) + 11))
-40
Calculate -20 - (0 + 34 + -31).
-23
18 - (-9 + -6) - 17 - 44
-28
10 - (16 + (9 - 20) + 52 + 13)
-60
What is the value of ((30 - 43) + 29 - 10) + (7 - -1)?
14
Calculate (17 - (-19 - (23 - 48))) + 36.
47
Calculate 37 - 4 - (-3 + (12 - (7 + -11 - -7))).
27
18009 + -17869 + (-195 - 2)
-57
Evaluate 25 + -1 - -7 - -6 - (13 + 32 - 32).
24
Evaluate -89 + 84 + (-35 - -40).
0
Evaluate -25 + -89 + -1 + 14 - (-3 - 1).
-97
Evaluate (-13 - ((2 - 0) + -1)) + 270 + 400 + -734.
-78
Calculate -97 + 61 + -3 + -3 + 0.
-42
(54 - -3) + (-1057 - -964)
-36
What is the value of -12 - (-65 - ((14 - 0) + -21))?
46
What is the value of -60 - (57 - (52 - -58))?
-7
41 + (-88 - -53) + (-1 - -24)
29
(-2 - 1) + 11 - (12 - (2 + -22 + 43))
19
What is the value of -10 + (22 - (-46 - -22)) + -52?
-16
What is the value of (1 - -1 - 10) + (9908 - 9874)?
26
What is (14 + -1 - (-60 + (63 - -2)) - 5) + -11?
-8
Evaluate 11 + (1 - 12 - 0) - 24 - 7.
-31
Calculate -85 + (-10 - (0 - (28 + -5))).
-72
-8 + 17 - (-15 - -22 - -11)
-9
(-28 + -43 - (-173 - -127)) + 0 + 2
-23
What is the value of (18 + 4 - 11) + 6 + -7 + (2 - -5)?
17
(2 - 4) + -14 - (10 + -4 + -23) - 42
-41
What is the value of (3 - (-23 + 5)) + -1?
20
Evaluate -27 + -2 + (-17 - -44) + -52.
-54
Calculate 9 - (-3 + 39 + 142) - -48.
-121
What is -11 + 1 - ((40 - 1) + (-1455 - -1360))?
46
What is the value of (2 - -3) + 2 - (370 + -350) - -1?
-12
What is the value of (41 - 28 - (-1 - -7) - (-12 + 6)) + 72?
85
Evaluate (-4 - 21) + (-134 - -127).
-32
Evaluate (-4 - (-3 - 66) - 7) + -23.
35
-46 + -25 + 11 + (22 - -36)
-2
What is 44 - (-33 + 45 + -26 - -63)?
-5
Calculate -1 + -8 + 6 + 5 + (-44 - -88 - -17).
63
What is the value of -80 - (45 - (183 + -45))?
13
Calculate 0 + 8 + (139 - (3 + -18 + 18 + 9)).
135
19 + 0 + (55 - 95)
-21
Calculate -24 - -4 - (54 + -14 - 25).
-35
What is 2 + 104 - ((-4 + 1 + -6 - -4) + 14)?
97
-29 + (-82 - -35) + 1
-75
What is the value of -72 + 123 + -81 + -19?
-49
-33 + 8 + (-19 + 17 - (2 - 5))
-24
What is the value of (2 - 5) + (8 - (0 - 0)) - (-1 + -12)?
18
5 - (-25 - -49 - 26)
7
2 + -2 + (-19 + -1 - -8 - -18) + -60
-54
Evaluate -10 - 13 - (28 - 46) - 39.
-44
Evaluate (-11 - (2 + -15 - -11) - (11 - 28)) + -76.
-68
What is the value of 12 + -13 + -10 + 40 - -2?
31
Calculate -17 + -2 + 4 - (126 + -61 + -3).
-77
(9 - (28 + 11 + -60)) + -7
23
Calculate (101 - 17) + -243 + 28.
-131
Calculate 14 + (-28 - (-54 - -41)).
-1
What is the value of -1781 - -1631 - (-9 + -21)?
-120
13 - (48 + -1 + (10 - 17) + -12)
-15
Calculate -45 + 36 + 18 + 4 + -4 + -12.
-3
Evaluate 1754 + -1663 - (122 + 4).
-35
(74 - (37 - 10) - -24) + 45
116
Calculate (-37 + 19 + (42 - 12) - -58) + (0 - 11).
59
Calculate 17 + 32 + -33 + 0 + -2 - -5.
19
-195 - (258 + -510) - (-1 + (0 - -5))
53
What is (43 - (-62 + 37) - (0 + -1)) + 7 + -1?
75
Calculate (2 - 11 - -12) + (702 - 767).
-62
((5 + 3 - 1) + -3 - -7) + (283 - 222)
72
Evaluate -7 - (23 - (4 + -18)).
-44
684 + -699 - (-1 + -46) - -15
47
8436 + -8512 + 1 + 11
-64
-46 - -26 - 53 - -135
62
Calculate ((-2 + 9 - 7) + 0 - (-19 - -27)) + 5.
-3
Calculate (81 - 0) + (-213 - -91 - -135).
94
Evaluate -35 - (48 + -42 + 2 + (1 - 1)).
-43
-119 - (94 - 202) - -34
23
Calculate -26 + 40 + 26 - 29 - (-33 - -1).
43
(-12 - -13) + 11 + (-25 - (-15 + 3))
-1
What is (63 + 3 - 67) + -42 + 1?
-42
Evaluate 19 + (-17 - 0) + (-2 + 2 + 3 - -7).
12
Evaluate (-10 - -24) + (14 - 47) + -12.
-31
What is 0 + -68 + (-11 - (-39 + (-13 - -26)))?
-53
What is (-1 - -37) + -1336 + 1359?
59
What is the value of 117 + (12 - 56) + -49?
24
-92 - (-172 + 55 + 18)
7
What is 1 + (-63 - 6) - (333 + -345)?
-56
What is the value of -89 + (-83 - -117) + (15 - 1)?